{"id":2118,"date":"2020-06-27T19:58:10","date_gmt":"2020-06-27T19:58:10","guid":{"rendered":"https:\/\/www.sajeta.org\/?post_type=accompanying&#038;p=2118"},"modified":"2023-09-05T12:32:00","modified_gmt":"2023-09-05T12:32:00","slug":"screening-of-the-audio-visual-performance-javorca-resurekcija-a-year-later","status":"publish","type":"accompanying","link":"https:\/\/www.sajeta.org\/en\/accompanying\/screening-of-the-audio-visual-performance-javorca-resurekcija-a-year-later\/","title":{"rendered":"Screening of the audio-visual performance &#8220;Javorca-Resurekcija&#8221; (a year later)"},"content":{"rendered":"\n<p>Screening of the audio-visual performance &#8220;Javorca-Resurekcija&#8221; (a year later)<\/p>\n\n\n\n<p>A year ago, Sajeta ended with a multimedia concert directed by Bratko Bibi\u010d, which marked the 100th anniversary of the Church of the Holy spirit in Javorca. The concert was broadcast live via the Internet.<br>The theme of the project is 1st world war, which 100 years ago havocked in this region, which was also quite marked by the consequences of it.<br>The author invited various musicians and visual artists from Austria, Portugal, Serbia and Slovenia to the project. Paul Schuberth, Samo Kutin, Jelena Popr\u017ean, Ana Kravanja and Vid Dra\u0161ler are the main actors in the musical part of the project, which also involved local vocal group &#8216;Javorca&#8217;. Eduardo Raon, Miroslav Sretenovi\u0107 (Incredible Bob) and Marko A. Kova\u010di\u010d provided the scene, costumes and visual effects.<\/p>\n","protected":false},"featured_media":5402,"template":"","sajeta_edition":[22],"acf":[],"yoast_head":"<!-- This site is optimized with the Yoast SEO plugin v22.7 - https:\/\/yoast.com\/wordpress\/plugins\/seo\/ -->\n<title>Screening of the audio-visual performance &quot;Javorca-Resurekcija&quot; (a year later) - Sajeta<\/title>\n<meta name=\"robots\" content=\"index, follow, max-snippet:-1, max-image-preview:large, max-video-preview:-1\" \/>\n<link rel=\"canonical\" href=\"https:\/\/www.sajeta.org\/en\/accompanying\/screening-of-the-audio-visual-performance-javorca-resurekcija-a-year-later\/\" \/>\n<meta property=\"og:locale\" content=\"en_US\" \/>\n<meta property=\"og:type\" content=\"article\" \/>\n<meta property=\"og:title\" content=\"Screening of the audio-visual performance &quot;Javorca-Resurekcija&quot; (a year later) - Sajeta\" \/>\n<meta property=\"og:description\" content=\"Screening of the audio-visual performance &#8220;Javorca-Resurekcija&#8221; (a year later) A year ago, Sajeta ended with a multimedia concert directed by Bratko Bibi\u010d, which marked the 100th anniversary of the Church of the Holy spirit in Javorca. The concert was broadcast live via the Internet.The theme of the project is 1st world war, which 100 years [&hellip;]\" \/>\n<meta property=\"og:url\" content=\"https:\/\/www.sajeta.org\/en\/accompanying\/screening-of-the-audio-visual-performance-javorca-resurekcija-a-year-later\/\" \/>\n<meta property=\"og:site_name\" content=\"Sajeta\" \/>\n<meta property=\"article:modified_time\" content=\"2023-09-05T12:32:00+00:00\" \/>\n<meta property=\"og:image\" content=\"https:\/\/www.sajeta.org\/wp-content\/uploads\/2020\/06\/Bobni_kljuci.png\" \/>\n\t<meta property=\"og:image:width\" content=\"954\" \/>\n\t<meta property=\"og:image:height\" content=\"530\" \/>\n\t<meta property=\"og:image:type\" content=\"image\/png\" \/>\n<meta name=\"twitter:card\" content=\"summary_large_image\" \/>\n<meta name=\"twitter:label1\" content=\"Est. reading time\" \/>\n\t<meta name=\"twitter:data1\" content=\"1 minute\" \/>\n<script type=\"application\/ld+json\" class=\"yoast-schema-graph\">{\"@context\":\"https:\/\/schema.org\",\"@graph\":[{\"@type\":\"WebPage\",\"@id\":\"https:\/\/www.sajeta.org\/en\/accompanying\/screening-of-the-audio-visual-performance-javorca-resurekcija-a-year-later\/\",\"url\":\"https:\/\/www.sajeta.org\/en\/accompanying\/screening-of-the-audio-visual-performance-javorca-resurekcija-a-year-later\/\",\"name\":\"Screening of the audio-visual performance \\\"Javorca-Resurekcija\\\" (a year later) - Sajeta\",\"isPartOf\":{\"@id\":\"https:\/\/www.sajeta.org\/en\/#website\"},\"primaryImageOfPage\":{\"@id\":\"https:\/\/www.sajeta.org\/en\/accompanying\/screening-of-the-audio-visual-performance-javorca-resurekcija-a-year-later\/#primaryimage\"},\"image\":{\"@id\":\"https:\/\/www.sajeta.org\/en\/accompanying\/screening-of-the-audio-visual-performance-javorca-resurekcija-a-year-later\/#primaryimage\"},\"thumbnailUrl\":\"https:\/\/www.sajeta.org\/wp-content\/uploads\/2020\/06\/Bobni_kljuci.png\",\"datePublished\":\"2020-06-27T19:58:10+00:00\",\"dateModified\":\"2023-09-05T12:32:00+00:00\",\"breadcrumb\":{\"@id\":\"https:\/\/www.sajeta.org\/en\/accompanying\/screening-of-the-audio-visual-performance-javorca-resurekcija-a-year-later\/#breadcrumb\"},\"inLanguage\":\"en-US\",\"potentialAction\":[{\"@type\":\"ReadAction\",\"target\":[\"https:\/\/www.sajeta.org\/en\/accompanying\/screening-of-the-audio-visual-performance-javorca-resurekcija-a-year-later\/\"]}]},{\"@type\":\"ImageObject\",\"inLanguage\":\"en-US\",\"@id\":\"https:\/\/www.sajeta.org\/en\/accompanying\/screening-of-the-audio-visual-performance-javorca-resurekcija-a-year-later\/#primaryimage\",\"url\":\"https:\/\/www.sajeta.org\/wp-content\/uploads\/2020\/06\/Bobni_kljuci.png\",\"contentUrl\":\"https:\/\/www.sajeta.org\/wp-content\/uploads\/2020\/06\/Bobni_kljuci.png\",\"width\":954,\"height\":530},{\"@type\":\"BreadcrumbList\",\"@id\":\"https:\/\/www.sajeta.org\/en\/accompanying\/screening-of-the-audio-visual-performance-javorca-resurekcija-a-year-later\/#breadcrumb\",\"itemListElement\":[{\"@type\":\"ListItem\",\"position\":1,\"name\":\"Home\",\"item\":\"https:\/\/www.sajeta.org\/en\/\"},{\"@type\":\"ListItem\",\"position\":2,\"name\":\"Accompanying Programs\",\"item\":\"https:\/\/www.sajeta.org\/en\/accompanying\/\"},{\"@type\":\"ListItem\",\"position\":3,\"name\":\"Sajeta 2017\",\"item\":\"https:\/\/www.sajeta.org\/en\/sajeta_edition\/sajeta-2017\/\"},{\"@type\":\"ListItem\",\"position\":4,\"name\":\"Screening of the audio-visual performance &#8220;Javorca-Resurekcija&#8221; (a year later)\"}]},{\"@type\":\"WebSite\",\"@id\":\"https:\/\/www.sajeta.org\/en\/#website\",\"url\":\"https:\/\/www.sajeta.org\/en\/\",\"name\":\"Sajeta\",\"description\":\"Art and Music Festival\",\"potentialAction\":[{\"@type\":\"SearchAction\",\"target\":{\"@type\":\"EntryPoint\",\"urlTemplate\":\"https:\/\/www.sajeta.org\/en\/?s={search_term_string}\"},\"query-input\":\"required name=search_term_string\"}],\"inLanguage\":\"en-US\"}]}<\/script>\n<!-- \/ Yoast SEO plugin. -->","yoast_head_json":{"title":"Screening of the audio-visual performance \"Javorca-Resurekcija\" (a year later) - Sajeta","robots":{"index":"index","follow":"follow","max-snippet":"max-snippet:-1","max-image-preview":"max-image-preview:large","max-video-preview":"max-video-preview:-1"},"canonical":"https:\/\/www.sajeta.org\/en\/accompanying\/screening-of-the-audio-visual-performance-javorca-resurekcija-a-year-later\/","og_locale":"en_US","og_type":"article","og_title":"Screening of the audio-visual performance \"Javorca-Resurekcija\" (a year later) - Sajeta","og_description":"Screening of the audio-visual performance &#8220;Javorca-Resurekcija&#8221; (a year later) A year ago, Sajeta ended with a multimedia concert directed by Bratko Bibi\u010d, which marked the 100th anniversary of the Church of the Holy spirit in Javorca. The concert was broadcast live via the Internet.The theme of the project is 1st world war, which 100 years [&hellip;]","og_url":"https:\/\/www.sajeta.org\/en\/accompanying\/screening-of-the-audio-visual-performance-javorca-resurekcija-a-year-later\/","og_site_name":"Sajeta","article_modified_time":"2023-09-05T12:32:00+00:00","og_image":[{"width":954,"height":530,"url":"https:\/\/www.sajeta.org\/wp-content\/uploads\/2020\/06\/Bobni_kljuci.png","type":"image\/png"}],"twitter_card":"summary_large_image","twitter_misc":{"Est. reading time":"1 minute"},"schema":{"@context":"https:\/\/schema.org","@graph":[{"@type":"WebPage","@id":"https:\/\/www.sajeta.org\/en\/accompanying\/screening-of-the-audio-visual-performance-javorca-resurekcija-a-year-later\/","url":"https:\/\/www.sajeta.org\/en\/accompanying\/screening-of-the-audio-visual-performance-javorca-resurekcija-a-year-later\/","name":"Screening of the audio-visual performance \"Javorca-Resurekcija\" (a year later) - Sajeta","isPartOf":{"@id":"https:\/\/www.sajeta.org\/en\/#website"},"primaryImageOfPage":{"@id":"https:\/\/www.sajeta.org\/en\/accompanying\/screening-of-the-audio-visual-performance-javorca-resurekcija-a-year-later\/#primaryimage"},"image":{"@id":"https:\/\/www.sajeta.org\/en\/accompanying\/screening-of-the-audio-visual-performance-javorca-resurekcija-a-year-later\/#primaryimage"},"thumbnailUrl":"https:\/\/www.sajeta.org\/wp-content\/uploads\/2020\/06\/Bobni_kljuci.png","datePublished":"2020-06-27T19:58:10+00:00","dateModified":"2023-09-05T12:32:00+00:00","breadcrumb":{"@id":"https:\/\/www.sajeta.org\/en\/accompanying\/screening-of-the-audio-visual-performance-javorca-resurekcija-a-year-later\/#breadcrumb"},"inLanguage":"en-US","potentialAction":[{"@type":"ReadAction","target":["https:\/\/www.sajeta.org\/en\/accompanying\/screening-of-the-audio-visual-performance-javorca-resurekcija-a-year-later\/"]}]},{"@type":"ImageObject","inLanguage":"en-US","@id":"https:\/\/www.sajeta.org\/en\/accompanying\/screening-of-the-audio-visual-performance-javorca-resurekcija-a-year-later\/#primaryimage","url":"https:\/\/www.sajeta.org\/wp-content\/uploads\/2020\/06\/Bobni_kljuci.png","contentUrl":"https:\/\/www.sajeta.org\/wp-content\/uploads\/2020\/06\/Bobni_kljuci.png","width":954,"height":530},{"@type":"BreadcrumbList","@id":"https:\/\/www.sajeta.org\/en\/accompanying\/screening-of-the-audio-visual-performance-javorca-resurekcija-a-year-later\/#breadcrumb","itemListElement":[{"@type":"ListItem","position":1,"name":"Home","item":"https:\/\/www.sajeta.org\/en\/"},{"@type":"ListItem","position":2,"name":"Accompanying Programs","item":"https:\/\/www.sajeta.org\/en\/accompanying\/"},{"@type":"ListItem","position":3,"name":"Sajeta 2017","item":"https:\/\/www.sajeta.org\/en\/sajeta_edition\/sajeta-2017\/"},{"@type":"ListItem","position":4,"name":"Screening of the audio-visual performance &#8220;Javorca-Resurekcija&#8221; (a year later)"}]},{"@type":"WebSite","@id":"https:\/\/www.sajeta.org\/en\/#website","url":"https:\/\/www.sajeta.org\/en\/","name":"Sajeta","description":"Art and Music Festival","potentialAction":[{"@type":"SearchAction","target":{"@type":"EntryPoint","urlTemplate":"https:\/\/www.sajeta.org\/en\/?s={search_term_string}"},"query-input":"required name=search_term_string"}],"inLanguage":"en-US"}]}},"_links":{"self":[{"href":"https:\/\/www.sajeta.org\/en\/wp-json\/wp\/v2\/accompanying\/2118"}],"collection":[{"href":"https:\/\/www.sajeta.org\/en\/wp-json\/wp\/v2\/accompanying"}],"about":[{"href":"https:\/\/www.sajeta.org\/en\/wp-json\/wp\/v2\/types\/accompanying"}],"wp:featuredmedia":[{"embeddable":true,"href":"https:\/\/www.sajeta.org\/en\/wp-json\/wp\/v2\/media\/5402"}],"wp:attachment":[{"href":"https:\/\/www.sajeta.org\/en\/wp-json\/wp\/v2\/media?parent=2118"}],"wp:term":[{"taxonomy":"sajeta_edition","embeddable":true,"href":"https:\/\/www.sajeta.org\/en\/wp-json\/wp\/v2\/sajeta_edition?post=2118"}],"curies":[{"name":"wp","href":"https:\/\/api.w.org\/{rel}","templated":true}]}}

<p>Screening of the audio-visual performance &#8220;Javorca-Resurekcija&#8221; (a year later)</p>



<p>A year ago, Sajeta ended with a multimedia concert directed by Bratko Bibič, which marked the 100th anniversary of the Church of the Holy spirit in Javorca. The concert was broadcast live via the Internet.<br>The theme of the project is 1st world war, which 100 years ago havocked in this region, which was also quite marked by the consequences of it.<br>The author invited various musicians and visual artists from Austria, Portugal, Serbia and Slovenia to the project. Paul Schuberth, Samo Kutin, Jelena Popržan, Ana Kravanja and Vid Drašler are the main actors in the musical part of the project, which also involved local vocal group &#8216;Javorca&#8217;. Eduardo Raon, Miroslav Sretenović (Incredible Bob) and Marko A. Kovačič provided the scene, costumes and visual effects.</p>

<!-- This site is optimized with the Yoast SEO plugin v22.7 - https://yoast.com/wordpress/plugins/seo/ -->
<title>Screening of the audio-visual performance &quot;Javorca-Resurekcija&quot; (a year later) - Sajeta</title>
<meta name="robots" content="index, follow, max-snippet:-1, max-image-preview:large, max-video-preview:-1" />
<link rel="canonical" href="https://www.sajeta.org/en/accompanying/screening-of-the-audio-visual-performance-javorca-resurekcija-a-year-later/" />
<meta property="og:locale" content="en_US" />
<meta property="og:type" content="article" />
<meta property="og:title" content="Screening of the audio-visual performance &quot;Javorca-Resurekcija&quot; (a year later) - Sajeta" />
<meta property="og:description" content="Screening of the audio-visual performance &#8220;Javorca-Resurekcija&#8221; (a year later) A year ago, Sajeta ended with a multimedia concert directed by Bratko Bibič, which marked the 100th anniversary of the Church of the Holy spirit in Javorca. The concert was broadcast live via the Internet.The theme of the project is 1st world war, which 100 years [&hellip;]" />
<meta property="og:url" content="https://www.sajeta.org/en/accompanying/screening-of-the-audio-visual-performance-javorca-resurekcija-a-year-later/" />
<meta property="og:site_name" content="Sajeta" />
<meta property="article:modified_time" content="2023-09-05T12:32:00+00:00" />
<meta property="og:image" content="https://www.sajeta.org/wp-content/uploads/2020/06/Bobni_kljuci.png" />
	<meta property="og:image:width" content="954" />
	<meta property="og:image:height" content="530" />
	<meta property="og:image:type" content="image/png" />
<meta name="twitter:card" content="summary_large_image" />
<meta name="twitter:label1" content="Est. reading time" />
	<meta name="twitter:data1" content="1 minute" />
<script type="application/ld+json" class="yoast-schema-graph">{"@context":"https://schema.org","@graph":[{"@type":"WebPage","@id":"https://www.sajeta.org/en/accompanying/screening-of-the-audio-visual-performance-javorca-resurekcija-a-year-later/","url":"https://www.sajeta.org/en/accompanying/screening-of-the-audio-visual-performance-javorca-resurekcija-a-year-later/","name":"Screening of the audio-visual performance \"Javorca-Resurekcija\" (a year later) - Sajeta","isPartOf":{"@id":"https://www.sajeta.org/en/#website"},"primaryImageOfPage":{"@id":"https://www.sajeta.org/en/accompanying/screening-of-the-audio-visual-performance-javorca-resurekcija-a-year-later/#primaryimage"},"image":{"@id":"https://www.sajeta.org/en/accompanying/screening-of-the-audio-visual-performance-javorca-resurekcija-a-year-later/#primaryimage"},"thumbnailUrl":"https://www.sajeta.org/wp-content/uploads/2020/06/Bobni_kljuci.png","datePublished":"2020-06-27T19:58:10+00:00","dateModified":"2023-09-05T12:32:00+00:00","breadcrumb":{"@id":"https://www.sajeta.org/en/accompanying/screening-of-the-audio-visual-performance-javorca-resurekcija-a-year-later/#breadcrumb"},"inLanguage":"en-US","potentialAction":[{"@type":"ReadAction","target":["https://www.sajeta.org/en/accompanying/screening-of-the-audio-visual-performance-javorca-resurekcija-a-year-later/"]}]},{"@type":"ImageObject","inLanguage":"en-US","@id":"https://www.sajeta.org/en/accompanying/screening-of-the-audio-visual-performance-javorca-resurekcija-a-year-later/#primaryimage","url":"https://www.sajeta.org/wp-content/uploads/2020/06/Bobni_kljuci.png","contentUrl":"https://www.sajeta.org/wp-content/uploads/2020/06/Bobni_kljuci.png","width":954,"height":530},{"@type":"BreadcrumbList","@id":"https://www.sajeta.org/en/accompanying/screening-of-the-audio-visual-performance-javorca-resurekcija-a-year-later/#breadcrumb","itemListElement":[{"@type":"ListItem","position":1,"name":"Home","item":"https://www.sajeta.org/en/"},{"@type":"ListItem","position":2,"name":"Accompanying Programs","item":"https://www.sajeta.org/en/accompanying/"},{"@type":"ListItem","position":3,"name":"Sajeta 2017","item":"https://www.sajeta.org/en/sajeta_edition/sajeta-2017/"},{"@type":"ListItem","position":4,"name":"Screening of the audio-visual performance &#8220;Javorca-Resurekcija&#8221; (a year later)"}]},{"@type":"WebSite","@id":"https://www.sajeta.org/en/#website","url":"https://www.sajeta.org/en/","name":"Sajeta","description":"Art and Music Festival","potentialAction":[{"@type":"SearchAction","target":{"@type":"EntryPoint","urlTemplate":"https://www.sajeta.org/en/?s={search_term_string}"},"query-input":"required name=search_term_string"}],"inLanguage":"en-US"}]}</script>
<!-- / Yoast SEO plugin. -->

Screening of the audio-visual performance &#8220;Javorca-Resurekcija&#8221; (a year later) A year ago, Sajeta ended with a multimedia concert directed by Bratko Bibič, which marked the 100th anniversary of the Church of the Holy spirit in Javorca. The concert was broadcast live via the Internet.The theme of the project is 1st world war, which 100 years [&hellip;]
